3*f + g*f - 40 = 0. What are the prime factors of (f/(2 - 1))/((-1)/(-4))?
2, 5
Let d be (-3)/(-72)*4 + 23/6. Suppose 2*t + 2*n + 1886 = 6*t, -5*t + d*n + 2350 = 0. List the prime factors of t.
2, 3, 79
Suppose 8 = 2*w, 0*c = -4*c - 4*w - 12. Suppose -4*f + 1284 = -4*m, -3*m - 3*f - 1421 + 440 = 0. What are the prime factors of (c + 6)/(3/m)?
2, 3
List the prime factors of (-10 + 11 - -5 - 5) + 12754.
5, 2551
Suppose 0 = -24*r - 2102 + 94670. What are the prime factors of r?
7, 19, 29
Suppose 2*b + 5*r = 38502, -2*b + 3*b + 5*r - 19241 = 0. What are the prime factors of b?
11, 17, 103
Let b = -585 + 1015. Suppose -12*t + b = -314. What are the prime factors of t?
2, 31
List the prime factors of (-14 - -40588)/(-3 + (-4)/(-1)).
2, 20287
Let h(s) = 15*s**2 - s - 4. Let w be -6 - -3 - (1 + 1). Let m be h(w). Suppose 2*f - m = -2*f. What are the prime factors of f?
2, 47
Let r = -1961 - -3301. List the prime factors of r.
2, 5, 67
Let y(r) = 4293*r - 6558. What are the prime factors of y(13)?
3, 16417
Let s = 30256 - 7263. What are the prime factors of s?
22993
Let f(z) = z**2 - 4*z - 102. Suppose -5*b = 5*r - 110, 26 + 0 = 2*r - 4*b. List the prime factors of f(r).
3, 61
Let j be 262 - -1 - (-8 - -12). Suppose -265*m = -j*m - 4338. List the prime factors of m.
3, 241
What are the prime factors of 3 - -1*12219*(-12)/(-18)?
29, 281
Let q(j) = -j**2 + 15*j + 11. Let t(w) = -2*w + 12. Let b be t(4). Suppose -5*p - 5*z = -0*p - 55, b*z = 0. List the prime factors of q(p).
5, 11
Let q be -17*10*(5 - (-5 + 8)). Let j = q - -624. List the prime factors of j.
2, 71
Suppose -z - g + 7691 = 0, 2*z = z + 2*g + 7691. List the prime factors of z.
7691
Suppose 4*g + 40 = b, -4*g - 10 = -3*b + 110. Let v = b + -61. List the prime factors of 6*1*(-49)/v.
2, 7
Suppose 11*d = 16*d - 1175. Let x = d - 174. What are the prime factors of x?
61
Let s(c) = -127*c - 158. Suppose -2*m + 323 = -21*m. What are the prime factors of s(m)?
3, 23, 29
Let o(g) = 2*g**2 - 120*g + 2264. What are the prime factors of o(89)?
2, 47, 79
Suppose -j + 46 = 2*s, 2*j = 2*s - 28 + 114. Suppose j - 1124 = -6*a. Let k = -47 + a. What are the prime factors of k?
7, 19
Let l(c) = -c**2 - 3*c + 141. Let w be l(0). Let q be w/21 - (-16)/56. List the prime factors of (q/(-2) + 2)*628/(-6).
157
Let z(j) = j**3 + 6*j**2 + 6*j + 1. Let i be z(-1). Let q = i + 62. Let k = 6 + q. What are the prime factors of k?
2, 17
Suppose -12*x + 30*x + 12204 = 0. Let j = -405 - x. What are the prime factors of j?
3, 7, 13
Suppose -5*i = 2*q + 286, -34 = 2*i - q + 75. Let l = i + 70. Suppose 104 = -l*s + 15*s. What are the prime factors of s?
2, 13
Let r(x) = 22*x**2 + 243*x - 31. What are the prime factors of r(6)?
7, 317
Suppose 2*x - 2*v - 16 = 0, 4*x - 8*x + 2*v = -22. What are the prime factors of ((-14)/x)/((-33)/3069)?
2, 7, 31
Let y(d) = -10*d - 21. Suppose -4*h + 316 = -5*x, -6*x + 70 = h - 5*x. Suppose -4*w = -t + h, 0 = -2*t + 1 + 3. What are the prime factors of y(w)?
3, 53
Suppose -61*s + 56*s = 2*i - 29296, 4*i - 4*s - 58508 = 0. What are the prime factors of i?
14633
Suppose -a + 325 = 5*d - 422, 3645 = 5*a - 5*d. List the prime factors of a.
2, 3, 61
Let u be (8 - 525/50)*(-31 - (6 - 3)). Suppose 2*q + 2*n = 12, 0 = -4*q + n + 34 - 5. Suppose q*i = 419 + u. What are the prime factors of i?
2, 3
Let f = 6270 + -2960. Suppose -8275 = -5*c - 3*k, 6*k - 10*k - f = -2*c. List the prime factors of c.
5, 331
Suppose x - 4 = 3*i, 3*x - i + 3 = -1. Let o be (-2 - x - 26/(-4))*-2. What are the prime factors of (81 + o)*(18/(-8))/(-3)?
3, 17
Let r(f) = -212*f - 4. Let q be r(-3). Let k = -348 + q. List the prime factors of k.
2, 71
List the prime factors of (-5 - -5) + 7570 + -5 + 7 + -1.
67, 113
Suppose 3*m = -3*t + 15, 7 + 15 = 5*m + 2*t. Let h be 0/(1*-1 - -2). Suppose 0 = 2*c - 0*c + 4*a - 114, h = c - m*a - 87. List the prime factors of c.
67
Let u(c) = c**2 + 7*c - 5. Let b be u(-5). Let s be 6*(b/(-25) - 11/10). What are the prime factors of (s - -4)/((-3)/(-201))?
67
Let o = 7445 - 158. List the prime factors of o.
3, 7, 347
Suppose 5*i + 15010 = 5*h, 0 = 12*h - 11*h + i - 2996. List the prime factors of h.
2999
Let o(m) = -m**3 - 7*m**2 - 9*m + 23. Let j be o(-7). Let f = j - 73. List the prime factors of f*((-12)/(-36) - (-2)/3).
13
Let t(p) = 16*p**3 - 8*p**2 + 21*p + 10. Let u be t(-8). What are the prime factors of 10/55 + u/(-22) - -3?
2, 7, 29
Suppose 1617 = -c - 6*c. Let y = 156 + c. What are the prime factors of ((-540)/y)/(6/(-20)*-1)?
2, 3
Let d be 201*(3 - (-8)/(-3)). Let b = 288 - d. Let k = b - 75. What are the prime factors of k?
2, 73
Let m be ((-3)/(-2))/(21/42). Suppose -5*u + 2*z = -4*u + 13, -m*u = -z + 14. List the prime factors of u*(-1)/(-2)*(5 + -91).
3, 43
Let q(k) = -3 - 22 - 1 + 9 - 32*k. Let y(v) = -v**2 - 2*v + 3. Let n be y(2). What are the prime factors of q(n)?
11, 13
Suppose -2*f - m - 72 = 0, 33*m = 5*f + 32*m + 180. Let g = 153 + f. What are the prime factors of g?
3, 13
Let l(p) = 3*p**3 - 146*p**2 + 69*p - 23. What are the prime factors of l(50)?
29, 463
Let w(z) = z**3 + 18*z**2 + 3*z - 26. Let m be w(-18). Let v be ((-6)/(-5))/((-16)/m). What are the prime factors of (v/(-9))/(10/6)*-290?
2, 29
Let i = 4570 - -33093. List the prime factors of i.
37663
Let m be ((-1)/(-2) + -1)/(1/(-6)). Suppose -3*k + m = -4*k. Let f(u) = -3*u + 12. What are the prime factors of f(k)?
3, 7
Suppose 0 = -t - 0 - 1. Let s(u) = -11*u - 9. Let n be s(t). Suppose -n*f + 5*f - 302 = -5*h, -5*f + 478 = 2*h. What are the prime factors of f?
2, 47
Let t = 11766 - -1151. List the prime factors of t.
12917
Let t = 453 - 398. Suppose -4*l + 48 + 32 = 0. Let i = l + t. What are the prime factors of i?
3, 5
Let y = 41 - 25. Let i be (y/6)/(7/21). List the prime factors of ((-36)/i)/((-12)/224).
2, 3, 7
Let j be (-12)/(-8)*-2 - -3. Suppose j = -r + 21 - 19. Suppose 10 = -5*d, r*u + d - 152 = -4*d. What are the prime factors of u?
3
Let p be 29/(-3 - (-1 + -1)). Let o = 32 + p. Suppose -o*g = -52 - 125. What are the prime factors of g?
59
Let d(k) = -4*k + 26. Let b be d(13). Let f = b - -29. Suppose -214 = -5*y - 3*h, 2*y - f*y = -2*h - 35. What are the prime factors of y?
41
Let n = -10 + 14. Suppose -n*u = 2*u - 216. List the prime factors of (-194)/(-3) + (-24)/u.
2
Suppose -5*u + t = -11796, 3*u + 3*t + 2376 = 4*u. List the prime factors of u.
2, 3, 131
Let q = -162 - -71. Let f = 76 + q. What are the prime factors of (-57)/6*(f - 11)?
13, 19
Let z(u) = 10*u**2 - 3*u + 4. Let g be z(3). Suppose g*b - 88*b + 18 = 0. Suppose -b*w + 11*w = 250. What are the prime factors of w?
2, 5
Let m(j) be the first derivative of 22*j**2 + 4*j - 28. Let i be m(4). Suppose 0 = -5*a - 20, 2*u + a = 3*a + i. What are the prime factors of u?
2, 43
Let n be ((-6345)/(-20))/((-5)/(-60)*-3). List the prime factors of (n/15)/(8/(-120)).
3, 47
Let z(j) = 372*j. Let f be z(2). Suppose -787*h + 721*h = -1254. Suppose -h*w + 15*w + f = 0. What are the prime factors of w?
2, 3, 31
Suppose -15 = -3*p + 21. Let z be ((-12)/3)/(p/(-102)). Suppose 2*a = 6, -2*b + b + a = -z. List the prime factors of b.
37
Let i(w) = -132*w + 19. Let q(x) = -x**2 + 11*x + 56. Let n be q(15). List the prime factors of i(n).
547
Suppose -2*g - 4*g = 8*g. Suppose 3*n - s - 7 = g, -3*n - 4 = 3*s - 31. Suppose -n*p + 2*i + 168 = 0, -4*i - 8 = -2*i. List the prime factors of p.
2, 5
Suppose -17*i = 3063 + 7613. Let j = 1255 + i. What are the prime factors of j?
3, 11, 19
Let v = 91 + -81. Suppose 6*z + 86 = s + v*z, 5*s - 514 = z. What are the prime factors of s?
2, 3, 17
Suppose 2*v = -4*m + 44062, 55078 = -23*m + 28*m + 2*v. Suppose m = -30*k + 48*k. What are the prime factors of k?
2, 3, 17
Let c be 0 - -15 - 1 - (0 - -4). Suppose -1738 - 2252 = -c*i. What are the prime factors of i?
3, 7, 19
Let u(z) = -90*z**2 - 6*z + 7. Let m be u(2). Let c = 688 + m. List the prime factors of c.
17, 19
Suppose -183*t = -192*t - 243. Let a = 416 + t. What are the prime factors of a?
389
Let m(j) = -j**3 + 8*j**2 + 4. Let f be m(8). Let o(x) be the first derivative of 3*x**4/4 - x**3/3 + x**2/2 + 5*x - 238. List the prime factors of o(f).
5, 37
Let b(g) = 5*g**2 - 6*g - 1. Let q(d) = -d**2 + 3*d + 3. Let f be q(3). Suppose 2*o + 10 = -r, 4*o + 41 = -5*r